 -0*n + 2*b, -3*n = 4*b - 130. Calculate the remainder when 339 is divided by n.
35
Let t = 530 - 369. Suppose -3*a = -4*n - a + 166, -a = -4*n + t. Calculate the remainder when 152 is divided by n.
35
Calculate the remainder when (2/(-14) + 1)*(52 - -4) is divided by 8.
0
Suppose 69*h + 5*l + 132 = 72*h, 88 = 2*h + 7*l. Suppose -2*r = -r - 31. What is the remainder when h is divided by r?
13
Let o = 715 + -688. Calculate the remainder when 169 is divided by o.
7
Let b = -150 + 224. Suppose 0 = -5*w + 5*i - 9*i + 116, 2*i + 50 = 2*w. Suppose -w*d = -7*d - 323. What is the remainder when b is divided by d?
17
Let m = 11 + 4. Let n = -15 + m. Suppose -2*b = -5*r - 41, b + n*r = -2*r + 25. What is the remainder when 67 is divided by b?
21
Suppose 5*t + 17 = -2*c, 4*c - 4*t + 104 = -0*t. Let i = 36 + c. What is the remainder when i is divided by 6?
3
Let r(f) = f**2 + f**3 - 3*f**2 - 4*f**2 + 4*f + 0*f**2 + 3. Suppose 0 = 4*a + 65 - 277. What is the remainder when a is divided by r(6)?
26
Suppose 2*a - 3 = -4*y + 5, 3*a - 3*y - 3 = 0. Suppose j = a + 10. Suppose -4*v + 9*v = 35. What is the remainder when j is divided by v?
5
Let t be 1*((-920)/4)/(-1). Suppose -2*d - 3*d = t. Let k = -31 - d. Calculate the remainder when k is divided by 11.
4
Let n(h) = -h**2 - 11*h - 13. Suppose 0 = 3*f - 2*k + 3*k + 420, 4*f + 560 = -k. Calculate the remainder when (-2)/(-8) - f/16 is divided by n(-9).
4
Let c(d) = -d**3 + 7*d**2 + 4*d - 10. Let z(y) = 2*y**2 + 4*y + 7. Let l be z(-2). Calculate the remainder when 143 is divided by c(l).
17
Let d = -70 - -15. Let h be 143/d - (-2)/(-5). Let l(a) = -20*a - 5. Calculate the remainder when l(h) is divided by 29.
26
Let v(q) = 5*q + 208. Let f = 6 - 2. Suppose -3*o - 2*d + f*d = -8, 2*o = 4*d. Calculate the remainder when v(-39) is divided by o.
1
Let n(q) = q**3 - 4*q**2 - 7*q - 1. Let j(f) = f**3 - 4*f**2 - 7*f - 1. Let t(g) = 5*j(g) - 4*n(g). What is the remainder when 86 is divided by t(6)?
28
Let n be 2*(-4)/(-1 - -3). What is the remainder when (2/n*4)/((-10)/395) is divided by 40?
39
Let p be 122/((-1)/(-2)*4). Suppose -4*y - 3*k = -200, p = y - 0*y - 2*k. Calculate the remainder when y is divided by (308/55)/(6/15 + 0).
11
Let x = 7 - 21. What is the remainder when (46/x - (-2)/7) + 112 is divided by 38?
33
Suppose -5*n + 10 = 15. Calculate the remainder when 45 is divided by 11 - (n - 16/4*-1).
5
Suppose 0 = 6*s - 3*s - 297. Let t be (-36 + -1 + 1)*100/30. Let y = -86 - t. What is the remainder when s is divided by y?
31
Suppose -2 = f + 1. What is the remainder when 53 is divided by ((-3)/2)/(165/(-54) - f)?
26
Let l(y) = -y**2 - 7*y + 27. Calculate the remainder when l(-8) is divided by 1/((-1)/14*-2).
5
Let n = 778 + -610. What is the remainder when 2685 is divided by n?
165
Suppose -2*o + 31 = 5*u, -5*o - 2*u + 19 = -2*o. Calculate the remainder when o is divided by (-12)/(-9)*(-15)/(-10).
1
Let b(g) = 5*g - 3. Let l = 9 + -2. What is the remainder when b(l) is divided by 18?
14
Let c = 30 + -17. Let r = c + -8. Suppose 68 = 4*k + 2*p, -r*k + 3*p - 7*p = -85. Calculate the remainder when k is divided by 5.
2
Let v(d) = 88*d**2 - d**3 - 42*d**2 + 1 - 42*d**2. What is the remainder when 15 is divided by v(2)?
6
Suppose 3*j = -5*b + 33, 2*j = -5*b + 24 + 13. Suppose -6*s - 3*z + 36 = -s, 8 = 4*z. What is the remainder when ((-100)/s)/((-4)/6) is divided by b?
7
Let o = 46 + -73. Let s = -19 - o. What is the remainder when 22 is divided by s?
6
Let p be -1 - 3*(-1 - (4 - 3)). Suppose -8*v + p*v = -21. What is the remainder when 60 is divided by v?
4
Suppose -3*n - 34 = -4*n. Suppose 2*y = -4*y + 1116. What is the remainder when n is divided by (-8)/6 - y/(-18)?
7
Suppose -4*m + 3*v + 1684 = 0, -5*m - 10*v + 5*v + 2140 = 0. Calculate the remainder when m is divided by 86.
80
Suppose 5*h + 3*w = 14, 0 = -h + w - 3 + 1. Let o(m) = -7*m + 4. What is the remainder when h*-3*(-3 + -30) is divided by o(-3)?
24
Suppose t + 3*p + 2 - 8 = 0, 4*p - 8 = 5*t. Suppose -2*w + 49 = -0*s + s, w = t. What is the remainder when s is divided by 13?
10
Suppose -52 = -0*h - 4*h. Suppose -6*g + 321 + 681 = 0. What is the remainder when g is divided by h?
11
Let h = 27 - 4. Suppose 2*f + h + 9 = 0. Let j = 25 + f. Calculate the remainder when 43 is divided by j.
7
Let q(v) = -v**3 - 4*v**2 - 2*v - 2. Let j = 3 - 8. Let h = 1 + j. Calculate the remainder when 11 is divided by q(h).
5
Let r = 128 - 115. Calculate the remainder when 62 is divided by r.
10
Suppose 0 = v - 9. Suppose -2*k + 19 = -v. Suppose t - k - 8 = 0. Calculate the remainder when t is divided by 13.
9
Let m(j) be the first derivative of -j**4/4 + 5*j**3/3 - j**2 - j - 5. Let l be m(4). Let t = l + 7. What is the remainder when 41 is divided by t?
13
Let f = 478 - 319. Calculate the remainder when f is divided by 102.
57
Calculate the remainder when 106 is divided by (-1278)/568*(1 - 7/3).
1
Let c(a) = -a**3 + 14*a**2 - 9*a + 68. What is the remainder when c(13) is divided by 3?
0
Suppose 2*j - 5 = 2*a + 13, -a + 31 = 4*j. Calculate the remainder when 229 is divided by j.
5
Let h(s) = 52*s + 331. What is the remainder when 265 is divided by h(-6)?
18
Suppose 2 = -4*i + 5*i. Suppose -i*j - j = -39. Let g = -9 + j. Calculate the remainder when g is divided by 2.
0
Suppose 71 = -13*f + 721. Suppose -15*a = -20*a + f. Calculate the remainder when a is divided by 5.
0
Suppose 15*v - 5*v = 130. Let g(t) = 4*t - 40. What is the remainder when 47 is divided by g(v)?
11
Suppose 3*v + 16 - 94 = 0. What is the remainder when 73 is divided by v?
21
Let z be -3 + 0 + (4 - -5). Suppose -5*t = u - 0*u - 14, -2*u = -t - z. What is the remainder when 14 is divided by u?
2
What is the remainder when 93 is divided by (-442)/(-18) - 16/36*-1?
18
Let z(t) = 4*t**2 - 7*t + 1. Let y = -3003 + 3029. Calculate the remainder when z(6) is divided by y.
25
Let v be (-144)/45*(-3 + -2). Suppose 10 + v = b. Let m(s) = s**3 + 6*s**2 - 6*s - 5. What is the remainder when m(-5) is divided by b?
24
Let l(t) = -t**2 + 10*t - 4. Suppose -37*v = -164 - 243. What is the remainder when l(6) is divided by v?
9
Suppose 5*s - 2*s = 0. Suppose -5*u + 0*u + 205 = s. Calculate the remainder when u is divided by 21.
20
Suppose 3 = -k + 2, -4*k = -2*r + 88. Suppose 137 = 6*x - x - 4*z, -5*x - 4*z = -113. Let u = -14 + x. Calculate the remainder when r is divided by u.
9
What is the remainder when 18 is divided by ((-52)/(-4) - -1) + -3?
7
Let x = 306 + -249. Calculate the remainder when x is divided by 22.
13
Let t(k) = -10*k - 5. Suppose 0 = 2*s + s - v + 9, s + v - 1 = 0. Calculate the remainder when t(s) is divided by 4.
3
Let w(i) = 12*i - 2. Let k(r) = 13*r - 3. Let s(g) = 3*k(g) - 4*w(g). Calculate the remainder when s(-2) is divided by 4/(-3)*30/(-4).
7
Suppose 4*i + 0*i = 24. Let x be (i - 9) + (-1)/1. What is the remainder when 1*63*x/(-6) is divided by 9?
6
Let t be (0 - -64)/2*2/2. Suppose 2*l = -0*l + k + t, 4 = 2*k. What is the remainder when l is divided by 5?
2
Let u(n) = 15*n**2 - 87*n - 88. What is the remainder when 2127 is divided by u(-1)?
13
Let a(g) = -g**3 - 16*g**2 - 4*g + 46. Calculate the remainder when a(-16) is divided by 28.
26
Suppose 39*c = 43*c. Calculate the remainder when 64 is divided by c/(-7) + 46/(2/1).
18
Suppose -2*o - 4 = -3*o. Let h = o - -2. Suppose -33 = -m - h. Calculate the remainder when m is divided by 7.
6
Let l(j) = 9*j**2 + 6*j + 3. Let n be l(-3). Let m = n + -7. Calculate the remainder when m is divided by 15.
14
Let j(x) = 3*x - 20. Let l(t) = -t**2 - 7*t + 8. Let a be l(-7). Calculate the remainder when j(a) is divided by 3.
1
Let p be ((8/4)/(-6))/((-3)/(-63)). Let c(b) = -b**3 - 8*b**2 - 10*b - 4. What is the remainder when c(p) is divided by 6?
5
Suppose -5*b + b = -124. Let p = 5 - -14. Let a = p - 8. What is the remainder when b is divided by a?
9
Let o be ((-4)/8)/((-1)/(-6)). Let w be ((-1)/o - 1)*-12. Let a = w + -2. Calculate the remainder when 16 is divided by a.
4
Suppose -t + 1 = -3. Suppose -t*r = -f - 213 + 69, 3*f = r - 36. Let v = r + -23. Calculate the remainder when 24 is divided by v.
11
Suppose 388*y + 288 = 406*y. Calculate the remainder when y is divided by 4.
0
Let s = 220 - 200. What is the remainder when 54 is divided by s?
14
